{"id":1658,"date":"2021-10-29T03:32:40","date_gmt":"2021-10-29T03:32:40","guid":{"rendered":"http:\/\/viraltimes.climateactionchildhood.net\/?page_id=1658"},"modified":"2022-07-17T20:55:26","modified_gmt":"2022-07-17T20:55:26","slug":"el-vergel-garden","status":"publish","type":"page","link":"https:\/\/viraltimes.climateactionchildhood.net\/index.php\/gardens\/el-vergel-garden\/","title":{"rendered":"The Vergel Garden"},"content":{"rendered":"\n<div style=\"height:42px\" aria-hidden=\"true\" class=\"wp-block-spacer\"><\/div>\n\n\n\n<div class=\"wp-block-columns is-layout-flex wp-container-core-columns-is-layout-28f84493 wp-block-columns-is-layout-flex\">\n<div class=\"wp-block-column is-layout-flow wp-block-column-is-layout-flow\" style=\"flex-basis:33.33%\"><\/div>\n\n\n\n<div class=\"wp-block-column is-layout-flow wp-block-column-is-layout-flow\" style=\"flex-basis:66.66%\"><p class=\"fonts-plugin-block \" style=\"font-size: 16px;line-height: 1;text-align: right\">Educator: Valeria (Vale) Le\u00f3n<br>Children: Mar\u00eda Victoria, Manuela, Emilio, Gustavo, Tom\u00e1s, Mateo, &amp; Luciana<\/p>\n\n\n<h5 class=\"wp-block-heading\" style=\"font-size:16px\">_________________<\/h5>\n\n\n\n<div style=\"height:22px\" aria-hidden=\"true\" class=\"wp-block-spacer\"><\/div>\n\n\n\n<h5 class=\"wp-block-heading\"><strong>The Vergel Neighborhood<\/strong> is situated on the right bank of the Tomebamba, at the foot of the Palacio de Huayna C\u00e1pac in the &#8220;Pumapungo&#8221; area. The Vergel contains the tangible memory of a space for exchange and encounter that has always characterized what we now call Cuenca. In the Vergel there are Inca, Ca\u00f1ari and colonial ruins, representing the framework created by the Andes. This neighborhood is also traditionally known as the Herrer\u00edas, which still preserves its traditional iron workshops. In colonial times, pack mules with their legs marked passed by, while people rode through the city. Nowadays, this small corner of Cuenca embraces the past and the modern, spaces where iron workshops rise up and survive modern forms of production. <\/h5>\n\n\n\n<div style=\"height:17px\" aria-hidden=\"true\" class=\"wp-block-spacer\"><\/div>\n\n\n\n<div class=\"wp-block-cover is-light\" style=\"min-height:533px;aspect-ratio:unset;\"><span aria-hidden=\"true\" class=\"wp-block-cover__background has-background-dim\"><\/span><img loading=\"lazy\" decoding=\"async\" width=\"774\" height=\"1032\" class=\"wp-block-cover__image-background wp-image-6425\" alt=\"\" src=\"https:\/\/viraltimes.climateactionchildhood.net\/wp-content\/uploads\/sites\/16\/2022\/05\/001-1.jpeg\" data-object-fit=\"cover\" srcset=\"https:\/\/viraltimes.climateactionchildhood.net\/wp-content\/uploads\/sites\/16\/2022\/05\/001-1.jpeg 774w, https:\/\/viraltimes.climateactionchildhood.net\/wp-content\/uploads\/sites\/16\/2022\/05\/001-1-225x300.jpeg 225w, https:\/\/viraltimes.climateactionchildhood.net\/wp-content\/uploads\/sites\/16\/2022\/05\/001-1-768x1024.jpeg 768w, https:\/\/viraltimes.climateactionchildhood.net\/wp-content\/uploads\/sites\/16\/2022\/05\/001-1-500x667.jpeg 500w\" sizes=\"auto, (max-width: 774px) 100vw, 774px\" \/><div class=\"wp-block-cover__inner-container is-layout-flow wp-block-cover-is-layout-flow\">\n<p class=\"has-text-align-center has-large-font-size\"><\/p>\n\n\n\n<div class=\"wp-block-columns is-layout-flex wp-container-core-columns-is-layout-28f84493 wp-block-columns-is-layout-flex\">\n<div class=\"wp-block-column is-layout-flow wp-block-column-is-layout-flow\" style=\"flex-basis:25%\"><\/div>\n\n\n\n<div class=\"wp-block-column is-layout-flow wp-block-column-is-layout-flow\" style=\"flex-basis:50%\"><h2 class=\"fonts-plugin-block \" style=\"font-family: consolas;font-size: 30px;line-height: 1;color: #ffffff\">visit<br>the<br><a href=\"https:\/\/viraltimes.climateactionchildhood.net\/index.php\/gardens\/el-vergel-garden\/clay-vessel\/\"><strong>Clay<\/strong><br><strong>Vessel <\/strong><\/a><\/h2><\/div>\n\n\n\n<div class=\"wp-block-column is-layout-flow wp-block-column-is-layout-flow\" style=\"flex-basis:25%\"><\/div>\n<\/div>\n<\/div><\/div>\n<\/div>\n<\/div>\n\n\n\n<div class=\"wp-block-columns is-layout-flex wp-container-core-columns-is-layout-28f84493 wp-block-columns-is-layout-flex\">\n<div class=\"wp-block-column is-layout-flow wp-block-column-is-layout-flow\" style=\"flex-basis:66.66%\">\n<div class=\"wp-block-cover\" style=\"min-height:428px;aspect-ratio:unset;\"><span aria-hidden=\"true\" class=\"wp-block-cover__background has-background-dim\"><\/span><img loading=\"lazy\" decoding=\"async\" width=\"720\" height=\"577\" class=\"wp-block-cover__image-background wp-image-6429\" alt=\"\" src=\"https:\/\/viraltimes.climateactionchildhood.net\/wp-content\/uploads\/sites\/16\/2022\/05\/Diapositiva51.jpeg\" data-object-fit=\"cover\" srcset=\"https:\/\/viraltimes.climateactionchildhood.net\/wp-content\/uploads\/sites\/16\/2022\/05\/Diapositiva51.jpeg 720w, https:\/\/viraltimes.climateactionchildhood.net\/wp-content\/uploads\/sites\/16\/2022\/05\/Diapositiva51-300x240.jpeg 300w, https:\/\/viraltimes.climateactionchildhood.net\/wp-content\/uploads\/sites\/16\/2022\/05\/Diapositiva51-500x401.jpeg 500w\" sizes=\"auto, (max-width: 720px) 100vw, 720px\" \/><div class=\"wp-block-cover__inner-container is-layout-flow wp-block-cover-is-layout-flow\">\n<p class=\"has-text-align-center has-large-font-size\"><\/p>\n\n\n\n<div class=\"wp-block-columns is-layout-flex wp-container-core-columns-is-layout-28f84493 wp-block-columns-is-layout-flex\">\n<div class=\"wp-block-column is-layout-flow wp-block-column-is-layout-flow\" style=\"flex-basis:25%\"><\/div>\n\n\n\n<div class=\"wp-block-column is-layout-flow wp-block-column-is-layout-flow\" style=\"flex-basis:50%\"><h2 class=\"fonts-plugin-block \" style=\"font-family: consolas;font-size: 25px;line-height: 1\">visit<br>the<br><a href=\"https:\/\/viraltimes.climateactionchildhood.net\/index.php\/gardens\/el-vergel-garden\/life-container\/\"><strong>Life<\/strong><br><strong>Container<\/strong><\/a><\/h2><\/div>\n\n\n\n<div class=\"wp-block-column is-layout-flow wp-block-column-is-layout-flow\" style=\"flex-basis:25%\"><\/div>\n<\/div>\n<\/div><\/div>\n<\/div>\n<\/div>\n\n\n<div class=\"wp-block-image\">\n<figure class=\"alignleft size-full is-resized\"><img loading=\"lazy\" decoding=\"async\" src=\"https:\/\/viraltimes.climateactionchildhood.net\/wp-content\/uploads\/sites\/16\/2021\/12\/Clay-Body-03-1.png\" alt=\"\" class=\"wp-image-1814\" width=\"658\" height=\"502\" srcset=\"https:\/\/viraltimes.climateactionchildhood.net\/wp-content\/uploads\/sites\/16\/2021\/12\/Clay-Body-03-1.png 784w, https:\/\/viraltimes.climateactionchildhood.net\/wp-content\/uploads\/sites\/16\/2021\/12\/Clay-Body-03-1-300x229.png 300w, https:\/\/viraltimes.climateactionchildhood.net\/wp-content\/uploads\/sites\/16\/2021\/12\/Clay-Body-03-1-768x586.png 768w, https:\/\/viraltimes.climateactionchildhood.net\/wp-content\/uploads\/sites\/16\/2021\/12\/Clay-Body-03-1-500x381.png 500w\" sizes=\"auto, (max-width: 658px) 100vw, 658px\" \/><\/figure>\n<\/div>\n\n\n<div class=\"wp-block-columns is-layout-flex wp-container-core-columns-is-layout-28f84493 wp-block-columns-is-layout-flex\">\n<div class=\"wp-block-column is-layout-flow wp-block-column-is-layout-flow\" style=\"flex-basis:66.66%\"><\/div>\n\n\n\n<div class=\"wp-block-column is-layout-flow wp-block-column-is-layout-flow\" style=\"flex-basis:33.33%\">\n<div style=\"height:100px\" aria-hidden=\"true\" class=\"wp-block-spacer\"><\/div>\n<\/div>\n<\/div>\n","protected":false},"excerpt":{"rendered":"<p>_________________ The Vergel Neighborhood is situated on the right bank of the Tomebamba, at the foot of the Palacio de Huayna C\u00e1pac in the &#8220;Pumapungo&#8221; area. The Vergel contains the tangible memory of a space for exchange and encounter that has always characterized what we now call Cuenca. In the Vergel there are Inca, Ca\u00f1ari and colonial ruins, representing the framework created by the Andes. This neighborhood is also traditionally known as the Herrer\u00edas, which still preserves its traditional iron workshops. In colonial times, pack mules with their legs marked passed by, while people rode through the city. Nowadays, this small corner of Cuenca embraces the past and the modern, spaces where iron workshops rise up and survive modern forms of production.<\/p>\n","protected":false},"author":2,"featured_media":0,"parent":150,"menu_order":9,"comment_status":"closed","ping_status":"closed","template":"","meta":{"_monsterinsights_skip_tracking":false,"_monsterinsights_sitenote_active":false,"_monsterinsights_sitenote_note":"","_monsterinsights_sitenote_category":0,"_vp_format_video_url":"","_vp_image_focal_point":[],"footnotes":""},"class_list":["post-1658","page","type-page","status-publish","hentry"],"_links":{"self":[{"href":"https:\/\/viraltimes.climateactionchildhood.net\/index.php\/wp-json\/wp\/v2\/pages\/1658","targetHints":{"allow":["GET"]}}],"collection":[{"href":"https:\/\/viraltimes.climateactionchildhood.net\/index.php\/wp-json\/wp\/v2\/pages"}],"about":[{"href":"https:\/\/viraltimes.climateactionchildhood.net\/index.php\/wp-json\/wp\/v2\/types\/page"}],"author":[{"embeddable":true,"href":"https:\/\/viraltimes.climateactionchildhood.net\/index.php\/wp-json\/wp\/v2\/users\/2"}],"replies":[{"embeddable":true,"href":"https:\/\/viraltimes.climateactionchildhood.net\/index.php\/wp-json\/wp\/v2\/comments?post=1658"}],"version-history":[{"count":10,"href":"https:\/\/viraltimes.climateactionchildhood.net\/index.php\/wp-json\/wp\/v2\/pages\/1658\/revisions"}],"predecessor-version":[{"id":7925,"href":"https:\/\/viraltimes.climateactionchildhood.net\/index.php\/wp-json\/wp\/v2\/pages\/1658\/revisions\/7925"}],"up":[{"embeddable":true,"href":"https:\/\/viraltimes.climateactionchildhood.net\/index.php\/wp-json\/wp\/v2\/pages\/150"}],"wp:attachment":[{"href":"https:\/\/viraltimes.climateactionchildhood.net\/index.php\/wp-json\/wp\/v2\/media?parent=1658"}],"curies":[{"name":"wp","href":"https:\/\/api.w.org\/{rel}","templated":true}]}}